se 2, what is -101000010001000101111 - 1010100111?
-101000010010011010110
In base 2, what is -100011 - -1110001000110100101?
1110001000110000010
In base 12, what is -3a5845 + 39?
-3a5808
In base 13, what is 1433b + -4200?
1013b
In base 10, what is 97933 + 586?
98519
In base 3, what is -12 + -112000102012020?
-112000102012102
In base 7, what is -1315046 + 1256?
-1313460
In base 16, what is -b3a + -6cfc?
-7836
In base 10, what is 138363723 - 0?
138363723
In base 13, what is 11 - b1263c?
-b1262b
In base 10, what is 6 - -335295?
335301
In base 9, what is 476 - 2812705?
-2812218
In base 13, what is -1c78 + -c94b?
-118c6
In base 15, what is e + -6ebdc?
-6ebcd
In base 11, what is -46261 - -305?
-45a57
In base 16, what is 18b87fc4 + 1?
18b87fc5
In base 12, what is -3 - -4b6aa9?
4b6aa6
In base 16, what is -9c23 - -26e1?
-7542
In base 8, what is 10377476 - -71?
10377567
In base 14, what is -3 + -45556d?
-455572
In base 9, what is 30633 - 746?
28776
In base 15, what is -309a6a - -e5?
-309975
In base 2, what is 100010001 + -11000101000110010011?
-11000101000010000010
In base 14, what is 4a2c - -2541?
716d
In base 6, what is 1 - 1324301314?
-1324301313
In base 7, what is 1514452 + 34?
1514516
In base 7, what is -40316 - 651?
-41300
In base 9, what is 13784 + 13505?
27400
In base 16, what is -591f - -857?
-50c8
In base 12, what is 234853a - 0?
234853a
In base 7, what is -2436 + -656124?
-661563
In base 6, what is 543 + -34322?
-33335
In base 13, what is 321c + 129?
3348
In base 15, what is 6712c91 + -1?
6712c90
In base 7, what is 23 - 440420430?
-440420404
In base 8, what is -4376674 + 1754?
-4374720
In base 10, what is 897814 + 1963?
899777
In base 12, what is 2629 + -39b?
224a
In base 7, what is 14 - 2314231?
-2314214
In base 2, what is -100 - -100101100001101011011001011?
100101100001101011011000111
In base 9, what is 30454251 - 17?
30454233
In base 6, what is -543540031 - -4?
-543540023
In base 2, what is 1111011011101101011010 + 10010?
1111011011101101101100
In base 10, what is 230314 + -142?
230172
In base 3, what is -110201 + -220100001122?
-220100112100
In base 13, what is -7157 - a393?
-1451a
In base 7, what is 21 - -3200656?
3201010
In base 9, what is 5 - -75476508?
75476514
In base 3, what is -212112121020 - -1111?
-212112112202
In base 9, what is 0 - 5854646?
-5854646
In base 2, what is -11001100101 + 10111111010010010?
10111100000101101
In base 5, what is -3 - 1442004333222?
-1442004333230
In base 16, what is -1e98 + -11?
-1ea9
In base 3, what is 200000001022100 + -1202?
200000001020121
In base 15, what is 98a87 + -b?
98a7b
In base 2, what is -1111111111011000100010110110 + 100?
-1111111111011000100010110010
In base 10, what is 553856 + -3?
553853
In base 12, what is 93 - -2817b7?
28188a
In base 5, what is 33121303131 + -3?
33121303123
In base 4, what is 2130320022 - 10?
2130320012
In base 3, what is -10020010222 - -21022?
-10012212200
In base 2, what is -1101001001 + -100010110001111000?
-100010111111000001
In base 14, what is -12246 + -82d8?
-1a540
In base 10, what is 4 - -59125016?
59125020
In base 9, what is -28657158 - 2?
-28657161
In base 16, what is -40 - fab1?
-faf1
In base 2, what is -111110101101101111011111000 - -100?
-111110101101101111011110100
In base 4, what is -1333010 + 2023113?
30103
In base 8, what is -1343 - -105377?
104034
In base 13, what is 66772a64 - -1?
66772a65
In base 3, what is 202200 - 1120110100002?
-1120102120102
In base 6, what is -13322 - -240355?
223033
In base 7, what is -654111 - -360?
-653421
In base 12, what is 151 + -29a1?
-2850
In base 11, what is 1916 - 23a9?
-593
In base 15, what is 0 - -33db10?
33db10
In base 9, what is -31035 + 32885?
1850
In base 12, what is 34b6 + b03?
43b9
In base 5, what is -2013244442 + -10?
-2013300002
In base 7, what is 254544114 + 12?
254544126
In base 8, what is 15537 + -13113?
2424
In base 10, what is 2063207064 + 2?
2063207066
In base 16, what is -6f8d8 - -23?
-6f8b5
In base 4, what is -30201 + -101312113?
-102002320
In base 5, what is -2100 - 204000?
-211100
In base 5, what is 3 - -40004021?
40004024
In base 16, what is 58396c + -2?
58396a
In base 8, what is -2053712 + -4060?
-2057772
In base 3, what is -22220 - 10102210212?
-10110010202
In base 3, what is 20 - 10221102221011120?
-10221102221011100
In base 7, what is -211460246 - 3?
-211460252
In base 14, what is 5813 + 618?
602b
In base 14, what is -278c30d - 3?
-278c312
In base 4, what is -3131 - -112220303?
112211112
In base 15, what is 3 + 13a5d33?
13a5d36
In base 10, what is -14009 + -36146?
-50155
In base 5, what is 24114014 + 110101?
24224120
In base 8, what is 44661747 + -22?
44661725
In base 12, what is -197097 + 141?
-196b56
In base 11, what is 1322a2 - 421?
131981
In base 15, what is -68b - -38386?
37bea
In base 2, what is 1110110100010010 + 1001100011?
1110111101110101
In base 15, what is -13e16c6 + 1?
-13e16c5
In base 5, what is 13123031211 - 3?
13123031203
In base 16, what is 166f1 + 399?
16a8a
In base 2, what is -10011001011 - 10110010001000?
-11000101010011
In base 3, what is -22110101220210 - 2?
-22110101220212
In base 6, what is -24145212042 + -5?
-24145212051
In base 5, what is 34 + -130021213?
-130021124
In base 6, what is -5 - -1200015044?
1200015035
In base 15, what is 1d4 + -9860?
-967b
In base 2, what is 1 - -1010011000110110110110000?
1010011000110110110110001
In base 2, what is 100101101100100 - 1001110001?
100100011110011
In base 12, what is -833a03 + -4?
-833a07
In base 14, what is -4 + -1a364d?
-1a3653
In base 5, what is 230324433 + 10?
230324443
In base 3, what is 11221211201020 + 2?
11221211201022
In base 16, what is -617840 - -d?
-617833
In base 4, what is -12212000300133 - -3?
-12212000300130
In base 12, what is 1a144 - 1a4?
19b60
In base 5, what is 10101141433403 + -3?
10101141433400
In base 8, what is 15764071133 + -1?
15764071132
In base 4, what is -31022100032 - 21?
-31022100113
In base 12, what is 6891 - a071?
-33a0
In base 13, what is 431b - -19bc?
600a
In base 12, what is 5a + 3a834?
3a892
In base 8, what is -76406 - 30261?
-126667
In base 10, what is 5 - 7296672?
-7296667
In base 12, what is -ba708 - 24a6?
-100bb2
In base 15, what is -1 - -3d9c63?
3d9c62
In base 12, what is -973 + 22ab1a?
22a167
In base 10, what is 3436 - 55?
3381
In base 8, what is 31563 - -46?
31631
In base 7, what is 1122 + 53153656?
53155111
In base 2, what is 111001110 - 110000111101?
-101001101111
In base 8, what is -32237 - -5032?
-25205
In base 3, what is 1021112122 + -2222112?
1011120010
In base 16, what is 25ac33 + 9?
25ac3c
In base 12, what is 50 + -9bb21?
-9ba91
In base 11, what is 2737 - 12a2?
1445
In base 13, what is -5 - 1c8b7681?
-1c8b7686
In base 16, what is -d9 + -3b4215?
-3b42ee
In base 5, what is -2033401 + -342?
-2034243
In base 8, what is 6 + -120511413?
-120511405
In base 12, what is 622298 + -1?
622297
In base 16, what is -3c73d + -43?
-3c780
In base 9, what is 5821122 - 3?
5821118
In base 13, what is 73993a - 2?
739938
In base 13, what is 10b97052 - -1?
10b97053
In base 13, what is 10b1cb - 9ab?
10a520
In base 8, what is -2 + 5557402?
5557400
In base 8, what is 1570052 - 441?
1567411
In base 12, what is -550b3 + 33?
-55080
In base 16, what is 2 + -101296d?
-101296b
In base 14, what is 1a2d1d + 2?
1a2d21
In base 10, what is 18 - -5997841?
5997859
In base 8, what is 45 + -21323414?
-21323347
In base 3, what is -1 - 1012011021112012?
-1012011021112020
In base 5, what is -2313011424 + 14?
-2313011410
In base 3, what is 100211201121 - -21211?
100212000102
In base 8, what is 112211 + -423?
111566
In base 7, what is 6322111 - 11?
6322100
In base 13, what is 1 - 20307c6a?
-20307c69
In base 2, what is -11110010111000111 - 11001?
-11110010111100000
In base 15, what is b57e29e - -4?
b57e2a3
In base 8, what is 24511 + 1025?
25536
In base 12, what is 5b574 - -91?
5b645
In base 15, what is -1 - e4838b?
-e4838c
In base 3, what is -2011000 + -1200210?
-10211210
In base 15, what is 8202 + 147?
8349
In base 8, what is -5600455 - 1?
-5600456
In base 10, what is -4473 + -323?
-4796
In base 7, what is 444035041 + -2?
444035036
In base 8, what is 36 - -1270243?
1270301
In base 13, what is 7 - -10a137?
10a141
In base 8, what is -34 + -1664334?
-1664370
In base 7, what is 3252002 - 1202?
3250500
In base 9, wha